1. Let r(z) = -b(z) - 2*h(z). Calculate the remainder when r(7) is divided by 22.
20
Suppose 3*h - h = -4*y + 92, y = 0. Suppose -2*m - 52 = -76. What is the remainder when h is divided by m?
10
Let d(f) = -3*f + 3. Calculate the remainder when 26 is divided by d(-2).
8
Let c(f) = -f**2 + 3*f + 1. Let d be c(4). Let o(h) = -h**2 + 5*h - 1. Let a be o(4). Let y = a - d. Calculate the remainder when 11 is divided by y.
5
Suppose -2*v + 4*a = 2*a - 42, 2*v - 5*a - 36 = 0. Suppose -4*x + 12 = 4, -8 = w - 5*x. Suppose -w*z + 12 = -z. What is the remainder when v is divided by z?
11
Suppose -2*o + 56 = -3*l, 3*o - 3*l - 44 = 34. What is the remainder when 59 is divided by o?
15
Let y = 156 + -127. What is the remainder when y is divided by (-4)/6 - (-64)/6?
9
Suppose -2*v - 4*k = -36, v - 4*k = -0*v + 30. What is the remainder when 64 is divided by v?
20
Suppose -q + 55 = 18. Let p(b) = b**3 + 17*b**2 + 13. What is the remainder when q is divided by p(-17)?
11
Suppose 0 = -3*w - 0*w + g + 107, 0 = 4*w - 4*g - 148. Calculate the remainder when w is divided by 19.
16
Let p(r) = -r**3 - 4*r**2 - 3*r. Let y be p(-2). Let n be 1 - y/(-4)*-2. Suppose n*b = -2*b + 20. What is the remainder when b is divided by 3?
2
Suppose 8*k - 30 = 3*k. Suppose 3*y + 0 + 1 = 2*f, 4*y - 5*f + k = 0. What is the remainder when 23 is divided by 14 + (-3 + 1)*y?
11
Let n(v) = 2*v**2 - v + 3. Calculate the remainder when n(4) is divided by 16.
15
Let s(b) = b + 2. Let j be s(-4). What is the remainder when (-2)/((0 - -1)*j) is divided by 1?
0
Let n(q) = -q**3 + 9*q**2 - 12*q + 17. Calculate the remainder when n(7) is divided by 8.
7
Suppose -6*p + p + 31 = -3*n, 22 = -4*n - 3*p. Let s(i) = i**2 + 2*i - 2. Calculate the remainder when s(n) is divided by 17.
16
Suppose -5*f + 8 - 3 = 0. Calculate the remainder when 13 is divided by 2 + f - (-10 - -8).
3
Suppose 3*a - 3*w - 29 - 28 = 0, 0 = -3*a - 4*w + 57. Let k = 27 - a. Let c = 2 + k. What is the remainder when 17 is divided by c?
7
Suppose 55 = 3*g - 5. Let w = -6 + g. Let r = 49 + -9. What is the remainder when r is divided by w?
12
Calculate the remainder when 123/9*3 + 1 is divided by 22.
20
Let o = -50 - -105. Suppose 3*z = -5*q + 14, 0 = 3*z - 8*z - 2*q + o. Calculate the remainder when 37 is divided by z.
11
Let y be 3/(1 - (-10)/(-13)). Suppose 3*p - y = 14. What is the remainder when p is divided by 3?
0
Suppose -5*o + 22 = 2*b, -2*b - 34 = -4*b + o. What is the remainder when 62 is divided by b?
14
Let p be (-68)/2 - (-2)/1. Let s = 19 + p. Calculate the remainder when 50 is divided by -1 - (-1 + (s - 0)).
11
Let z = 10 - -36. Suppose 65 = 5*m - 60. Calculate the remainder when z is divided by m.
21
Let s(w) = w**3 - 6*w**2 + 2*w + 3. Let a be s(6). Let r be a/5 + (3 - 1). Suppose 2*c - 19 - r = 0. Calculate the remainder when 34 is divided by c.
10
Let g(i) = 2*i**2 - i + 1. Let p be g(2). Suppose 5*m = -4*d + 184, -3*m = -p*m - 4*d + 144. Calculate the remainder when m is divided by ((-6)/4)/(6/(-56)).
12
Let v = 1 - 1. Suppose v = 2*g + 3*d - 27, g + 4*g - d = 25. Calculate the remainder when 11 is divided by g.
5
Let d(a) = -6 + 3 + 2*a + 2. Let k be 34/6 + (-4)/6. What is the remainder when 25 is divided by d(k)?
7
What is the remainder when ((-4)/(-12))/((-4)/(-852)) is divided by 37?
34
Let l = 18 + -12. What is the remainder when 9 is divided by l?
3
Suppose -2*h + 7*h = w, 3*h = -2*w. Suppose 4*c - 329 - 107 = w. What is the remainder when c is divided by 28?
25
Let u = -16 + -6. Suppose -d = -4*d + 135. Let q = u + d. Calculate the remainder when q is divided by 8.
7
Let d(b) = -b**2 - 2*b - 2. Let x be d(-4). What is the remainder when 3/5 - 454/x is divided by 16?
14
Let p = -18 - -29. Suppose -m = -p - 8. What is the remainder when 56 is divided by m?
18
What is the remainder when 149 is divided by -2*(-2*(-50)/(-8) - -3)?
16
Let l(q) = q**2 - 3*q - 10. Let f(v) = -v + 9. Let y be f(13). Calculate the remainder when 35 is divided by l(y).
17
Let c = 43 - 27. What is the remainder when 31 is divided by c?
15
Let k = 2 - 4. Calculate the remainder when 5 is divided by k/(-6)*(5 - -1).
1
Let h(b) = 5*b - 3. Suppose 0 = -6*n + 4*n - 16. Let k = n - -16. Calculate the remainder when h(5) is divided by k.
6
Suppose 3*d + 13 + 23 = 0. Let j = d + 17. Suppose -57 = -5*p - 2*k - k, j*k - 55 = -5*p. Calculate the remainder when 35 is divided by p.
11
Let d(o) = -o**3 + 2*o**2 + 5*o - 2. Let f be d(3). Suppose 144 = f*n - 52. Suppose -3*c = -n - 44. What is the remainder when c is divided by 11?
9
Suppose 3 = -3*f - 0. Let b = f - -1. What is the remainder when 28 is divided by ((-2)/(-5) - b)*25?
8
Suppose 0 = 5*w - 1 - 124. Calculate the remainder when w is divided by 14.
11
Suppose -4 = 2*d, -2*r = -5*r + 2*d - 86. Let a = r - -50. Calculate the remainder when a is divided by 11.
9
Suppose 2*d - 4 - 10 = 4*l, 2*d = 2*l + 20. Suppose -v + 0 = -d. What is the remainder when 38 is divided by v?
12
Let h(x) = -x**2 + 8*x + 3. Let w be h(9). Let i = 18 + w. What is the remainder when 26 is divided by i - (2 + 0)*-1?
12
Let q be (4/6)/((-6)/(-45)). Suppose -2*j + 7 = q*w - 141, 2*j - 5*w - 168 = 0. Calculate the remainder when j is divided by 20.
19
Let w(x) = x + 9. Let s be w(0). Suppose 2*i - 13 = 2*b + s, -b = 1. Calculate the remainder when 28 is divided by i.
8
Suppose 0 = -5*z + r + 403 + 232, -2*r = -5*z + 640. Suppose z - 14 = 4*u. What is the remainder when u is divided by 15?
13
Suppose 7 = -2*u + u. Let f = 2 - u. Suppose 2*q - 3*q + f = 3*p, -3*q = -4*p - 1. What is the remainder when q is divided by 2?
1
Suppose 86 - 1 = 5*h. Let c = h - 7. What is the remainder when 29 is divided by c?
9
Let r = -4 - -7. Suppose 2*z + 33 = r*z. What is the remainder when z is divided by 17?
16
Suppose 4*y - 13 = -4*n + 7, 0 = 4*y - n. Suppose 5*d - y = 14. Calculate the remainder when 4 is divided by d.
1
Let w(a) = -24*a + 1. Calculate the remainder when 73 is divided by w(-1).
23
Let a be -2 - -1*(3 - 1). Let p be -2*(2 + -3)*2. Suppose a*u - p*h + 49 = 5*u, 5*u - 4*h = 81. What is the remainder when 25 is divided by u?
12
Suppose -57 = -q - 3*h, 0*q + 56 = q + 4*h. Suppose 2*s + s = q. Let m = s + -10. Calculate the remainder when m is divided by 6.
4
Let v = -123 - -144. Calculate the remainder when v is divided by ((-22)/3)/((-4)/6).
10
Let r = -3 - -17. Let t be -1 + 0/(-1) + -1. Let b = t + 10. Calculate the remainder when r is divided by b.
6
Suppose 2*l = 5 - 1. Suppose -2*j + 4*n = 4, 0*j + n - 10 = -4*j. Calculate the remainder when 35 is divided by 0 - (j - l) - -12.
11
Let y(n) = n + 6. Let w be y(-6). Suppose 3*l - 16 = 4*m + 11, 5*m + 5*l - 10 = w. Let i(u) = -9*u - 2. What is the remainder when i(m) is divided by 9?
7
Let z(g) = 3*g**2 + 3*g + 1. Suppose -4*d - 20 = -v, -4*v + 9*v - d = 24. What is the remainder when z(-2) is divided by v?
3
Suppose 0*a - 124 = -4*a. Calculate the remainder when a is divided by 17.
14
Let b = 49 - 39. Calculate the remainder when 29 is divided by b.
9
Let t(j) = 2*j**2 - j + 4*j**3 - 2*j**2 + j**3. What is the remainder when 15 is divided by t(1)?
3
Let l(o) = 2*o**2 - 21*o - 44. Let s = 13 - 9. Calculate the remainder when l(-2) is divided by s.
2
Suppose 0 = 2*j + 2. Let f(b) = 4*b**2 - 6*b - 3. Calculate the remainder when f(4) is divided by (2 + j)*13*1.
11
Calculate the remainder when 7 is divided by 6 - -2 - (5 - 3).
1
Let t(l) = l**3 + 5*l**2 + 2*l - 4. Let o be t(-4). Let n(j) = -5 - 5 + o + 2*j. What is the remainder when 3 is divided by n(4)?
1
Let i = 9 - -30. Calculate the remainder when i is divided by (-4)/(-14) - 145/(-7).
18
Let d(z) = 8*z**2 - z - 4. Let w be d(-4). Let b be (6/4)/(6/w). Let j = b + -3. What is the remainder when j is divided by 15?
14
What is the remainder when (-2)/6 - 3/(27/(-678)) is divided by 16?
11
What is the remainder when 156/11 - -4*4/(-88) is divided by 3?
2
Let k be 111/12 - 2/8. Suppose 5*i = -11 - k. Calculate the remainder when 28 is divided by (75/(-10))/(2/i).
13
Suppose -2*o + 4 = -14. Let z(x) = 17*x**2 + x. What is the remainder when z(-1) is divided by o?
7
Suppose -5*v + 64 + 3 = -3*p, 0 = -5*v - 5*p + 35. Calculate the remainder when v is divided by (-13)/(-2) - 3/(-6).
4
Let p(h) = -13*h - 1. Let y(v) = 5*v